{"id":243,"date":"2021-01-07T23:54:13","date_gmt":"2021-01-07T22:54:13","guid":{"rendered":"http:\/\/vpp4islands.eu\/?page_id=243"},"modified":"2024-11-16T12:15:23","modified_gmt":"2024-11-16T11:15:23","slug":"dissemination","status":"publish","type":"page","link":"https:\/\/vpp4islands.eu\/index.php\/dissemination\/","title":{"rendered":"Dissemination"},"content":{"rendered":"<section class=\"fw-main-row \"  >\n\t<span class=\"bg-image-overlay \" style=\"\"><\/span>\n\t<div class=\"fw-container unyson_content\">\n\t\t\t\t<div class=\"container\">\n\t\t\t\t<div class=\"fw-row\">\n\t<div class=\"fw-col-xs-12   \"  >\n\t<p id=\"public-communication\">&nbsp;<\/p><h3><strong>Public communication:<\/strong><\/h3><\/div>\n<\/div>\n\n<div class=\"fw-row\">\n\t<div class=\"fw-col-xs-12   \"  >\n\t<ul><li style=\"color: blue;\"><a href=\"http:\/\/vpp4islands.eu\/wp-content\/uploads\/2021\/03\/Directory-and-presentation-of-VPP4ISLANDS.pdf\">Directory and presentation of VPP4ISLANDS<\/a><\/li><li><a href=\"http:\/\/vpp4islands.eu\/wp-content\/uploads\/2021\/04\/VPP4ISLANDS-Brochure-H2020-BRIDGE-2021.pdf\">VPP4ISLANDS Brochure H2020 BRIDGE 2021<\/a><\/li><li><a href=\"http:\/\/vpp4islands.eu\/wp-content\/uploads\/2021\/04\/Roll-Up-VPP4ISLANDS.pdf\">Roll-Up-VPP4ISLANDS<\/a><\/li><li><a href=\"http:\/\/vpp4islands.eu\/wp-content\/uploads\/2021\/04\/VPP4ISLANDS_DEPLIANTS_12.pdf\">VPP4ISLANDS_DEPLIANTS_1&amp;2<\/a><\/li><li><a href=\"http:\/\/vpp4islands.eu\/wp-content\/uploads\/2021\/04\/VPP4ISLANDS_FLYERS_12.pdf\">VPP4ISLANDS_FLYERS_1&amp;2<\/a><\/li><li><a href=\"http:\/\/vpp4islands.eu\/wp-content\/uploads\/2022\/04\/Agenda-GA-2022-1.pdf\">Agenda GA 2022<\/a><\/li><\/ul><\/div>\n<\/div>\n\n<div class=\"fw-row\">\n\t<div class=\"fw-col-xs-12   \"  >\n\t<h3 id=\"public-deliverables\"><strong>Public deliverables:<\/strong><\/h3><\/div>\n<\/div>\n\n<div class=\"fw-row\">\n\t<div class=\"fw-col-xs-12   \"  >\n\t<ul><li><a href=\"http:\/\/vpp4islands.eu\/wp-content\/uploads\/2022\/02\/Communication-and-dissemination-plan.pdf\">Communication and dissemination plan<\/a><\/li><li><a href=\"http:\/\/vpp4islands.eu\/wp-content\/uploads\/2022\/12\/Dissemination-and-communication-activities.pdf\">Dissemination and communication activities<\/a><\/li><li><a href=\"http:\/\/vpp4islands.eu\/wp-content\/uploads\/2022\/06\/Assessment-of-GDPR-standards-and-SSH-compliance.pdf\">Assessment of GDPR standards and SSH compliance<\/a><\/li><li><a href=\"http:\/\/vpp4islands.eu\/wp-content\/uploads\/2022\/06\/aai_infrastructure.pdf\">AAI infrastructure (SAPL)<\/a><\/li><li><a href=\"http:\/\/vpp4islands.eu\/wp-content\/uploads\/2022\/06\/VPP-Risk-assessment.pdf\">VPP Risk assessment<\/a><\/li><li><a href=\"http:\/\/vpp4islands.eu\/wp-content\/uploads\/2022\/06\/Scenarios-for-studying-VPP4Islands-concept.pdf\">Scenarios for studying VPP4Islands concept<\/a><\/li><li><a href=\"http:\/\/vpp4islands.eu\/wp-content\/uploads\/2022\/06\/Data-Management-Plan.pdf\">Data Management Plan<\/a><\/li><li><a href=\"http:\/\/vpp4islands.eu\/wp-content\/uploads\/2022\/06\/PMP-and-Quality-Assurance.pdf\">PMP and Quality Assurance<\/a><\/li><li><a href=\"http:\/\/vpp4islands.eu\/wp-content\/uploads\/2022\/06\/Kick-off-meeting.pdf\">Kick-off meeting<\/a><\/li><li><a href=\"http:\/\/vpp4islands.eu\/wp-content\/uploads\/2022\/06\/Requirements-and-Needs-for-Island-Energy-Services.pdf\">Requirements and Needs for Island Energy Services<\/a><\/li><li><a href=\"http:\/\/vpp4islands.eu\/wp-content\/uploads\/2022\/06\/Analysis-of-Obstacles-to-Innovation-in-Islands.pdf\">Analysis of Obstacles to Innovation in Islands<\/a><\/li><li><a href=\"http:\/\/vpp4islands.eu\/wp-content\/uploads\/2022\/06\/Islands-energy-transition.pdf\">Islands energy transition<\/a><\/li><li><a href=\"http:\/\/vpp4islands.eu\/wp-content\/uploads\/2022\/06\/Concept-definition.pdf\">Concept definition<\/a><\/li><li><a href=\"http:\/\/vpp4islands.eu\/wp-content\/uploads\/2022\/06\/VPP4ISLANDS-services.pdf\">VPP4ISLANDS services<\/a><\/li><li><a href=\"http:\/\/vpp4islands.eu\/wp-content\/uploads\/2022\/06\/Technical-specifications.pdf\">Technical specifications<\/a><\/li><li><a href=\"http:\/\/vpp4islands.eu\/wp-content\/uploads\/2022\/06\/VPP4ISLANDS-Smart-Contract-Specifications.pdf\">VPP4ISLANDS Smart Contract Specifications<\/a><\/li><li><a href=\"http:\/\/vpp4islands.eu\/wp-content\/uploads\/2022\/06\/PP4Islands-networking-joint-actions-and-cooperation-plan.pdf\">VPP4Islands networking joint actions and cooperation plan<\/a><\/li><li><a href=\"http:\/\/vpp4islands.eu\/wp-content\/uploads\/2022\/06\/IPR-and-exploitation.pdf\">IPR and exploitation<\/a><\/li><li><a href=\"http:\/\/vpp4islands.eu\/wp-content\/uploads\/2022\/06\/VPP4Islands-networking-JV-and-cooperation-activities-V2.pdf\">VPP4Islands networking JV and cooperation activities V2<\/a><\/li><li><a href=\"http:\/\/vpp4islands.eu\/wp-content\/uploads\/2022\/12\/Business-model-exploitation-strategy-plan-and-activities.pdf\">Business model, exploitation strategy plan and activities<\/a><\/li><li><a href=\"http:\/\/vpp4islands.eu\/wp-content\/uploads\/2024\/11\/Panel-2-Policy-Recommendations-VPP4ISLANDS-v2.pdf\">Panel 2 Policy Recommendations VPP4ISLANDS<\/a><\/li><\/ul><\/div>\n<\/div>\n\n<div class=\"fw-row\">\n\t<div class=\"fw-col-xs-12   \"  >\n\t<h3 id=\"publications\"><strong>Publications:<\/strong><\/h3><\/div>\n<\/div>\n\n<div class=\"fw-row\">\n\t<div class=\"fw-col-xs-12   \"  >\n\t<\/div>\n<\/div>\n\n<div class=\"fw-row\">\n\t<div class=\"fw-col-xs-12   \"  >\n\t<p>Abbasi, M., Najafabadi, A.F., Elghali, S.B. NASSER H. <i>et al.<\/i>\u00a0<strong><a href=\"https:\/\/link.springer.com\/article\/10.1007\/s10586-021-03526-7#citeas\">High-performance pseudo-anonymization of virtual power plant data on a CPU cluste<\/a><\/strong>r.\u00a0<i>Cluster Comput<\/i> (2022). https:\/\/doi.org\/10.1007\/s10586-021-03526-7\u00a0\u00a0<\/p><p>Nafkha-Tayari, W.; Ben Elghali, S.; Heydarian-Forushani, E.; Benbouzid, M. Virtual Power Plants Optimization Issue: <strong>A Comprehensive Review on Methods, Solutions, and Prospects. <\/strong><em style=\"box-sizing: border-box; line-height: inherit; max-height: 1e+06px; font-variant-ligatures: normal; font-variant-caps: normal; orphans: 2; text-align: start; widows: 2; -webkit-text-stroke-width: 0px; text-decoration-thickness: initial; text-decoration-style: initial; text-decoration-color: initial; word-spacing: 0px;\">Energies<\/em><b style=\"box-sizing: border-box; line-height: inherit; max-height: 1e+06px; font-variant-ligatures: normal; font-variant-caps: normal; orphans: 2; text-align: start; widows: 2; -webkit-text-stroke-width: 0px; text-decoration-thickness: initial; text-decoration-style: initial; text-decoration-color: initial; word-spacing: 0px;\">2022<\/b>,\u00a0<em style=\"box-sizing: border-box; line-height: inherit; max-height: 1e+06px; font-variant-ligatures: normal; font-variant-caps: normal; orphans: 2; text-align: start; widows: 2; -webkit-text-stroke-width: 0px; text-decoration-thickness: initial; text-decoration-style: initial; text-decoration-color: initial; word-spacing: 0px;\">15<\/em>, 3607. <a href=\"https:\/\/doi.org\/10.3390\/en15103607\">https:\/\/doi.org\/10.3390\/en15103607<\/a><\/p><p>Ehsan Heydarian-Forushani, Hassan Haes Alhelou, Seifeddine Ben Elghali \"<strong>Virtual Power Plant Solution for Future Smart Energy Communities<\/strong>\" <a href=\"https:\/\/www.routledge.com\/Virtual-Power-Plant-Solution-for-Future-Smart-Energy-Communities\/Heydarian-Forushani-Alhelou-Elghali\/p\/book\/9781032189789\">Published July 25, 2022 by CRC Press<\/a><\/p><p>E. Heydarian-Forushani, S. Ben Elghali, M. Zerrougui, M. La Scala and P. Mestre, \"<strong>An Auction-Based Local Market Clearing for Energy Management in a Virtual Power Plant<\/strong>,\" in\u00a0<em>IEEE Transactions on Industry Applications<\/em>, Sept.-Oct. 2022,\u00a0 https:\/\/doi.org\/10.1109\/tia.2022.3188226\u00a0\u00a0<\/p><p>Roozbehani, M.M.; Heydarian-Forushani, E.; Hasanzadeh, S.; Elghali, S.B.<strong> Virtual Power Plant Operational Strategies: Models, Markets, Optimization, Challenges, and Opportunities.\u00a0<\/strong>Sustainability\u00a02022,\u00a0<em>14<\/em>, 12486. <a href=\"https:\/\/doi.org\/10.3390\/su141912486\">https:\/\/doi.org\/10.3390\/su141912486\u00a0<\/a>\u00a0<\/p><p>M. Mart\u00ednez-Barbeito, D. Gomila and P. Colet, \"<strong>Dynamical Model for Power Grid Frequency Fluctuations: Application to Islands With High Penetration of Wind Generation<\/strong>,\" in\u00a0<em>IEEE Transactions on Sustainable Energy<\/em>, vol. 14, no. 3, pp. 1436-1445, July 2023, <a href=\"https:\/\/ieeexplore.ieee.org\/document\/10015191\">doi: 10.1109\/TSTE.2022.3231975.<\/a><\/p><p>Gomila, Damia and Carreras, B.A. and Reynolds-Barredo, J.M. and Colet, P. and Gomis-Bellmunt, Oriol, <strong>Analysis of the Blackout Risk Reduction When Segmenting Large Power Systems Using Lines with Controllable Power Flow<\/strong>.\u00a0 SSRN: <a href=\"https:\/\/ssrn.com\/abstract=4153778\" target=\"_blank\" rel=\"noopener\">https:\/\/ssrn.com\/abstract=4153778<\/a>\u00a0or\u00a0<a class=\"textlink\" href=\"https:\/\/dx.doi.org\/10.2139\/ssrn.4153778\" target=\"_blank\" rel=\"noopener\">http:\/\/dx.doi.org\/10.2139\/ssrn.4153778<\/a><\/p><p><strong>In-Memory Policy Indexing for Policy Retrieval Points in Attribute-Based Access Control<\/strong> Dominic Heutelbeck, Marc Lucas Baur, Martin Kluba,\u00a0<a href=\"https:\/\/doi.org\/10.1145\/3450569.3463562\">https:\/\/doi.org\/10.1145\/3450569.3463562<\/a><\/p><p>Abdelaziz Abualshawareb, Dehouche Zahir, \"<strong>Grid-Connected PV-Hybrid Battery and Hydrogen Storage Sizing with Hourly Dispatch Optimisation \u2013 Formentera Island Energy Community Case Study<\/strong>\"\u00a0<a href=\"https:\/\/doi.org\/10.1007\/978-3-031-54394-4_32\">https:\/\/doi.org\/10.1007\/978-3-031-54394-4_32<\/a><\/p><p>Mar\u00eda Mart\u00ednez-Barbeito, Dami\u00e0 Gomila, Julian Fritzsch, Philippe Jacquod, Pere Colet \"<strong>Transmission grid stability with large interregional power flows, 2023<\/strong>\" <a href=\"https:\/\/arxiv.org\/pdf\/2311.17709\">https:\/\/arxiv.org\/pdf\/2311.17709<\/a>\u00a0<\/p><p>Morteza Shafiekhani, Meysam Qadrdan, Yue Zhou, Jianzhong Wu \" <strong>Designing a decentralized multi-community peer-to-peer electricity trading framework<\/strong>\" <a href=\"https:\/\/doi.org\/10.1049\/gtd2.13257\"><strong>https:\/\/doi.org\/10.1049\/gtd2.13257<\/strong><\/a><\/p><p>Ehsan Heydarian-Forushani a, Salah Bahramara b, Pouria Sheikhahmadi c, Mehdi Zeraati d, Seifeddine Ben Elghali \"<strong>A proactive strategy for virtual power plants including multiple private owners equipped with energy storages<\/strong>\" <a href=\"https:\/\/www.sciencedirect.com\/science\/article\/abs\/pii\/S2352152X23009118\">https:\/\/www.sciencedirect.com\/science\/article\/abs\/pii\/S2352152X23009118<\/a>\u00a0<\/p><\/div>\n<\/div>\n\n<div class=\"fw-row\">\n\t<div class=\"fw-col-xs-12   \"  >\n\t<h3 id=\"conferences\"><strong>Conferences:\u00a0<\/strong><\/h3><\/div>\n<\/div>\n\n<div class=\"fw-row\">\n\t<div class=\"fw-col-xs-12   \"  >\n\t<p>Dominic Heutelbeck, Martin Kluba, and Marc Lucas Baur. 2021. \"<strong>In-Memory Policy Indexing for Policy Retrieval Points in Attribute-Based Access Control\".<\/strong> <a href=\"http:\/\/sacmat.dista.uninsubria.it\/2021\/accepted.php\">In Proceedings of the 26th ACM Symposium on Access Control Models and Technologies (SACMAT) (SACMAT \u201921)<\/a>, June 16\u201318, 2021, Virtual Event, Spain.. ACM, New York, NY, USA, 12 pages. <a href=\"https:\/\/doi.org\/10.1145\/3450569.3463562\">https:\/\/doi.org\/10.1145\/3450569.3463562<\/a><\/p><\/div>\n<\/div>\n\n<div class=\"fw-row\">\n\t<div class=\"fw-col-xs-12   \"  >\n\t<p>\u00a0Robert Garner, Gerard Jansen, Zahir Dehouche \" <strong><a href=\"http:\/\/vpp4islands.eu\/wp-content\/uploads\/2021\/10\/GARNER\u2013Solar_PV_and_hybrid_energy_storage_Virtual-ICEC2021-presentation.pdf\">Solar PV and hybrid energy storage Virtual Power Plant for smart energy communities<\/a><\/strong>\" Institute of Energy Futures, Brunel University London, Uxbridge, Middlesex, UB8 3PH. 22 to 24 September 2021 in a research conference.\u00a0<strong><a href=\"https:\/\/evolvingcities.org\/\">International Conference of \"Evolving-Cities\"\u00a0<\/a><\/strong><\/p><p>E. Heydarian-Forushani, S. B. Elghali, M. Zerrougui, M. L. Scala and P. Mestre, <strong>\"A Centralized-Stochastic Solution for Smart Energy Management in a Virtual Power Plant<\/strong>,\"\u00a0<a href=\"https:\/\/ieeexplore.ieee.org\/document\/9584773\"><em>2021 IEEE International Conference on Environment and Electrical Engineering and 2021 IEEE Industrial and Commercial Power Systems Europe (EEEIC \/ I&amp;CPS Europe)<\/em>, 2021, pp. 1-5,\u00a0 <strong>DOI:\u00a0<\/strong><\/a><a href=\"https:\/\/doi.org\/10.1109\/EEEIC\/ICPSEurope51590.2021.9584773\" target=\"_blank\" rel=\"noopener\">10.1109\/EEEIC\/ICPSEurope51590.2021.9584773<\/a><\/p><p><a href=\"https:\/\/www.brunel.ac.uk\/research\/Research-Festival\">Brunel Research Festival 2022 <\/a><strong>VPP4ISLANDS: Virtual Power Plant of Smart and Interoperable Islands 2022<\/strong><\/p><p>Mar\u00eda Mart\u00ednez-Barbeito and Dami\u00e0 Gomila, Pere Colet \"<strong>Data analysis of frequency fluctuations in the Balearic grid before and after coal closure<\/strong>\" <a href=\"https:\/\/www.iaria.org\/conferences2021\/filesENERGY21\/ENERGY_38010.pdf\">IARIA conference\u00a0<\/a><\/p><p>The 4th <strong>Salina Green Energy Days<\/strong> took place in Sicily from September 9 to 12, 2021. <strong>ALGOWATT<\/strong> presented <a href=\"https:\/\/algowatt.com\/en\/algowatt-protagonista-a-salina-della-quarta-edizione-dei-green-energy-days\/\">\u201cAccelerating the energy transition in the minor islands\u201d<\/a>.<\/p><p><strong>AMU<\/strong> participated in the 4th International Conference on Intelligent Energy Systems and Technologies (<strong>SEST'21<\/strong>) and introduced <a href=\"https:\/\/vpp4islands.eu\/wp-content\/uploads\/2021\/09\/SEST-conference-2021.pdf\">VPP4ISLANDS through the panel at the SEST'21 conference.<\/a><\/p><p><strong> GRADO, BORNHOLM, CIVIESCO and TROYA<\/strong> participated in the event \"<a href=\"https:\/\/vpp4islands.eu\/wp-content\/uploads\/2022\/05\/CE4EUislandsforum-programme-v16.pdf\">Agenda Clean energy for EU islands forum 2022<\/a>\"<\/p><p><strong>Aziz Shwareb<\/strong> from <strong>BRUNEL<\/strong> presented the VPP4ISLANDS results of the Formentera energy storage system at the <a href=\"https:\/\/iceer.net\/2023.html\">ICEER 2023 conference, held from October 7 to 9, 2023<\/a>, in Madrid, Spain.<\/p><p><strong>ALWA, Stefano Bianchi,<\/strong> presented a paper \"INDUSTRIAL SOLUTIONS &amp; LESSON LEARNT FOR SMART GRIDS PROJECTS\" in Conference <a href=\"https:\/\/supehr23.unige.it\/sites\/supehr23.unige.it\/files\/2023-08\/ScheduleComplete_20230829.pdf\">SUPEHR23<\/a> Savona (Italy), 6th - 8th September 2023<\/p><\/div>\n<\/div>\n\n<div class=\"fw-row\">\n\t<div class=\"fw-col-xs-12   \"  >\n\t\n\t<div class=\"fw-divider-space\" style=\"margin-top: 50px;\"><\/div>\n\n<\/div>\n<\/div>\n\n<div class=\"fw-row\">\n\t<div class=\"fw-col-xs-12   \"  >\n\t<h3>Stay up to date with VPP4Islands<\/h3><\/div>\n<\/div>\n\n<div class=\"fw-row\">\n\t<div class=\"fw-col-xs-12 fw-col-sm-6   \"  >\n\t<p id=\"subscription\">\u00a0<\/p><p><script>(function() {\n\twindow.mc4wp = window.mc4wp || {\n\t\tlisteners: [],\n\t\tforms: {\n\t\t\ton: function(evt, cb) {\n\t\t\t\twindow.mc4wp.listeners.push(\n\t\t\t\t\t{\n\t\t\t\t\t\tevent   : evt,\n\t\t\t\t\t\tcallback: cb\n\t\t\t\t\t}\n\t\t\t\t);\n\t\t\t}\n\t\t}\n\t}\n})();\n<\/script><!-- Mailchimp for WordPress v4.8.1 - https:\/\/wordpress.org\/plugins\/mailchimp-for-wp\/ --><form id=\"mc4wp-form-1\" class=\"mc4wp-form mc4wp-form-797\" method=\"post\" data-id=\"797\" data-name=\"Formulaire 1\" ><div class=\"mc4wp-form-fields\"><p>\r\n    <label>First Name<\/label>\r\n    <input type=\"text\" name=\"FNAME\" placeholder=\"First Name\">\r\n<\/p>\r\n<p>\r\n    <label>Last Name<\/label>\r\n    <input type=\"text\" name=\"LNAME\" placeholder=\"Last Name\">\r\n<\/p>\r\n<p>\r\n\t<label>Email address: \r\n\t\t<input type=\"email\" name=\"EMAIL\" placeholder=\"Your email address\" required \/>\r\n<\/label>\r\n<\/p>\r\n\r\n<p>\r\n\t<input type=\"submit\" value=\"Sign up\" \/>\r\n<\/p><\/div><label style=\"display: none !important;\">Leave this field empty if you're human: <input type=\"text\" name=\"_mc4wp_honeypot\" value=\"\" tabindex=\"-1\" autocomplete=\"off\" \/><\/label><input type=\"hidden\" name=\"_mc4wp_timestamp\" value=\"1775774436\" \/><input type=\"hidden\" name=\"_mc4wp_form_id\" value=\"797\" \/><input type=\"hidden\" name=\"_mc4wp_form_element_id\" value=\"mc4wp-form-1\" \/><div class=\"mc4wp-response\"><\/div><\/form><!-- \/ Mailchimp for WordPress Plugin --><\/p><\/div>\n<\/div>\n\n<div class=\"fw-row\">\n\t<div class=\"fw-col-xs-12   \"  >\n\t<\/div>\n<\/div>\n\n\t\t\t\t<\/div>\n\t\t\t<\/div>\n<\/section>\n\n","protected":false},"excerpt":{"rendered":"<p>&nbsp;Public communication: Directory and presentation of VPP4ISLANDSVPP4ISLANDS Brochure H2020 BRIDGE 2021Roll-Up-VPP4ISLANDSVPP4ISLANDS_DEPLIANTS_1&amp;2VPP4ISLANDS_FLYERS_1&amp;2Agenda GA 2022 Public deliverables: Communication and dissemination planDissemination and communication activitiesAssessment of GDPR standards<span class=\"excerpt-more\"><a href=\"https:\/\/vpp4islands.eu\/index.php\/dissemination\/\" class=\"more-link\"> [&hellip;] <span class=\"screen-reader-text\">Dissemination<\/span><\/a><\/span><\/p>\n","protected":false},"author":1,"featured_media":0,"parent":0,"menu_order":0,"comment_status":"closed","ping_status":"closed","template":"","meta":{"_vp_format_video_url":"","_vp_image_focal_point":[]},"_links":{"self":[{"href":"https:\/\/vpp4islands.eu\/index.php\/wp-json\/wp\/v2\/pages\/243"}],"collection":[{"href":"https:\/\/vpp4islands.eu\/index.php\/wp-json\/wp\/v2\/pages"}],"about":[{"href":"https:\/\/vpp4islands.eu\/index.php\/wp-json\/wp\/v2\/types\/page"}],"author":[{"embeddable":true,"href":"https:\/\/vpp4islands.eu\/index.php\/wp-json\/wp\/v2\/users\/1"}],"replies":[{"embeddable":true,"href":"https:\/\/vpp4islands.eu\/index.php\/wp-json\/wp\/v2\/comments?post=243"}],"version-history":[{"count":78,"href":"https:\/\/vpp4islands.eu\/index.php\/wp-json\/wp\/v2\/pages\/243\/revisions"}],"predecessor-version":[{"id":2169,"href":"https:\/\/vpp4islands.eu\/index.php\/wp-json\/wp\/v2\/pages\/243\/revisions\/2169"}],"wp:attachment":[{"href":"https:\/\/vpp4islands.eu\/index.php\/wp-json\/wp\/v2\/media?parent=243"}],"curies":[{"name":"wp","href":"https:\/\/api.w.org\/{rel}","templated":true}]}}